= 0. List the prime factors of n.
3, 13
Let l(m) = m**2 + 13*m - 152. What are the prime factors of l(-38)?
2, 3, 7, 19
Suppose 4*x + 3*m - 1176 = 5*m, -16 = 4*m. List the prime factors of x.
2, 73
Let m(x) = -x**3 + 31*x**2 + 6*x - 85. List the prime factors of m(29).
7, 11, 23
What are the prime factors of (-1 - 0)*(-30 - 505)?
5, 107
Let d(i) = -i**2 - 7*i - 7. Let y be d(-5). Suppose 5*t - 12 = y*t. What are the prime factors of (23 - 7)/(4/t)?
2, 3
Let t be -4 - (0/4)/(-1). Let u(j) = j**3 + 9*j**2 - 3*j - 3. Let i be u(t). Suppose -2*l + i = 4*r - 5*l, -2*r = -3*l - 43. What are the prime factors of r?
23
Let u(k) = 22*k**2 + 16*k - 53. What are the prime factors of u(3)?
193
Let d = 11 - 9. Let g(p) = d*p + p - 1 - 4*p - 2*p. What are the prime factors of g(-5)?
2, 7
Let l(a) = -18*a - 11. Let m be l(8). Let s = m - -294. What are the prime factors of s?
139
Let g(a) = 40*a + 20. List the prime factors of g(8).
2, 5, 17
Let h be (-1)/(1*5/35). Let q(v) = v + 9. List the prime factors of q(h).
2
Suppose -z - 3*b = -245, -z = -3*z + 2*b + 482. Let x be z/4 - (-8)/16. Let p = -27 + x. List the prime factors of p.
2, 17
Let v(w) = -w**3 - 14*w**2 + 16*w + 14. Let n be v(-15). List the prime factors of 6*10/(-15)*n.
2
Suppose 10*p - 5637 = -607. List the prime factors of p.
503
Let a(n) = -1 - 46*n**2 + 26*n**2 - 5*n + 24*n**2. Let m = 15 + -11. What are the prime factors of a(m)?
43
Let o(d) = -d**2 + 7*d - 3. Let h be o(7). Let z(j) = -12*j + 1. Let n(g) = 25*g - 2. Let s(f) = 6*n(f) + 13*z(f). List the prime factors of s(h).
19
What are the prime factors of ((-85140)/903)/(1/(-21))?
2, 3, 5, 11
Suppose -5*m + 4 = -3*m. Let y(z) = 7*z + 17*z**m - z**3 - 7*z + 22 - 13*z. List the prime factors of y(16).
2, 5, 7
Let q be ((-3)/4)/((-10)/1240). Suppose -15 = 2*h + 3*h, q = 4*l + h. Suppose -g + 2*o + l = -0*g, 5*g = -3*o + 146. What are the prime factors of g?
2, 7
What are the prime factors of 2414/4 - (-21)/14?
5, 11
Let w be 16/72 - 7/(-9). Let t be (-61)/w*(-2)/2. Let h = 103 - t. What are the prime factors of h?
2, 3, 7
Let h = 36 + -34. Suppose 0 = -h*n - 34 - 18. Let o = n - -65. What are the prime factors of o?
3, 13
Let i = 15 + -10. Suppose i*m + 3*z = 24, -m + 3*z = z + 3. Suppose 4*s = -5*o + 53, 40 = 5*s - 2*o + m*o. List the prime factors of s.
7
Let n(o) = -11*o + 58. Let v be n(5). List the prime factors of (162/((-15)/5))/(v/(-6)).
2, 3
Let r be (-33)/(-6)*(-18)/(-3). Let y = r + -4. List the prime factors of (y/3)/((-6)/(-18)).
29
Suppose 2098 = 4*q - 4330. List the prime factors of q.
1607
What are the prime factors of (1*(-2208)/20)/(8/(-40))?
2, 3, 23
Let w be (53/2*4)/(-2). Let n = 69 + w. List the prime factors of n.
2
Let f = -796 + 1773. List the prime factors of f.
977
Let a(c) be the first derivative of -7*c**2/2 + 10*c + 6. Let h be a(-5). Suppose 0 = 5*b - 0*b - 5*z - h, -4*b = z - 61. List the prime factors of b.
2, 7
Let t(j) = -j**2 - 26*j + 4. Let p be t(-12). Let i = -19 + p. What are the prime factors of i?
3, 17
List the prime factors of (5 + -2218)/(4 + (5 - 10)).
2213
Let o(h) = -h**3 + 7*h**2 + 3*h - 6. Let f = -43 - -31. Let z be (f/(-14))/((-13)/(-91)). List the prime factors of o(z).
2, 3
Suppose 99181 = 21*b - 6659. What are the prime factors of b?
2, 3, 5, 7
Let d(v) = -v**3 + 7*v**2 - 7*v. Let y be d(6). Let u be 1/(-6) + 4/(96/220). List the prime factors of (-6)/u - 40/y.
2, 3
List the prime factors of (-37072)/(-20) + -4 - 10/(-25).
2, 5, 37
Suppose 3*k + 41 = -76. Let o = -64 - k. Let x = -12 - o. List the prime factors of x.
13
Suppose 4*u + 3*r + 25 = 9*u, 3*u = 3*r + 21. Suppose -3*j - u*p + 0*p + 139 = 0, 5*j - p - 210 = 0. List the prime factors of j.
43
Let k(t) = -t**2 + 16*t - 14. Let c be k(15). Suppose 4*b = -4*y + 8, -b + c = -2*y + 5. List the prime factors of y.
2
Let z be ((-32)/(-3))/((-3)/9). Let a = z + 51. Suppose 21*d - 52 = a*d. What are the prime factors of d?
2, 13
Let z(a) = 2*a**2 + 13*a + 11. Let m be z(-6). Suppose -5*p + 5*s + 200 = 0, -m*s = -0*s - 25. What are the prime factors of p?
3, 5
Let m(d) = d**3 + 8*d**2 + 6*d - 1. Suppose 9*b = 4*b - 30. Let t be m(b). Suppose -4*v + t = -81. List the prime factors of v.
29
Suppose -k + 1670 = 582. What are the prime factors of k?
2, 17
Let t(x) be the first derivative of -3*x**4/4 + x**2 - 3*x + 2. Let u be t(-3). Suppose -3*l = -0*r + 4*r - u, -2*l = -r + 7. What are the prime factors of r?
3, 5
Suppose 0*u + 8 = 4*r + 3*u, 5*r - 3*u = 10. Suppose -2 - r = v, 0 = f + v - 4. Suppose -z - 5*k = -48, 0 = -k - 3*k + f. What are the prime factors of z?
2, 19
Suppose -l - b = -7, -2*l + l = -b - 3. Suppose -l*m + g = 2*g - 45, 0 = -4*m + 5*g + 36. Suppose -5*w + 245 = f, m = w + 5*f - 16. List the prime factors of w.
2, 5
Suppose -o = -52 + 50. Suppose -o*y = -y - 50. What are the prime factors of y?
2, 5
Let l be 0 + 1 + 11/11. Suppose -3*d = -l*u + 6, 15 - 1 = 2*u + d. Suppose -2*k = -4*b + 42, 3 = -3*k - u. List the prime factors of b.
3
Suppose z - 1117 = 2*t, t + 225 = 3*z - 3136. List the prime factors of z.
19, 59
Let y = 641 + 335. List the prime factors of y.
2, 61
Suppose -u = 4*t - 6870, -3*t - 5*u + 1727 = -2*t. What are the prime factors of t?
17, 101
Suppose 848 = -9*q - 277. Let h = -111 - q. What are the prime factors of h?
2, 7
Let h(g) be the third derivative of -g**4/8 - 7*g**3/3 - 2*g**2. Let n(w) = -w**3 + 2*w**2 - w + 3. Let x be n(3). What are the prime factors of h(x)?
13
Let l be 42/4 + (-2)/(-4). Suppose -y + 0 = -l. What are the prime factors of y?
11
Suppose 3*g + 97 + 826 = -5*q, 2*q + 622 = -2*g. Let o = g - -180. Let x = -69 - o. List the prime factors of x.
67
Let g be (-44 + -2 + 2)*6/(-24). Suppose 202 = -9*y + g*y. What are the prime factors of y?
101
Suppose -7*f = f - 8. Let n(z) = 167*z - 6. What are the prime factors of n(f)?
7, 23
Let v(i) = -4*i - 22. Let f be v(-6). Suppose -f*l = 2*j - 316, -l + 4*j + 38 = -120. What are the prime factors of l?
2, 79
Suppose -17 = v + 5*o, 5*v - 2 = 2*o + 21. Suppose -v*x + 25 + 95 = 0. What are the prime factors of x?
2, 5
Suppose -5*i = -3*c + 2, 1 + 5 = -5*i + 4*c. Suppose -2*s - 24 = -5*l, -i*s - 25 = -3*l - 9. Let g(r) = 6*r**2 + 2*r. What are the prime factors of g(s)?
2, 5
Suppose 4*b = b + 3*m - 66, -5*m - 58 = 2*b. Let k = -23 - b. What are the prime factors of (-3)/(-4 + k) + 3?
2
Let m = -3746 - -5466. What are the prime factors of m?
2, 5, 43
Let t(c) = -2*c**3 - 2*c**2 + c - 1. Let n be t(-2). Suppose -n*y + 3*d = -146, -34 = -y - 2*d - 10. List the prime factors of y.
2, 7
Let o(b) be the first derivative of -2*b**2 - 3*b + 4/3*b**3 + 1/4*b**4 + 5. What are the prime factors of o(-4)?
13
Suppose -b = b - 16. Suppose r - 2*g - 46 = 2*r, 2*g + 154 = -4*r. Let q = b - r. List the prime factors of q.
2, 11
List the prime factors of ((-663)/78)/((-1)/206).
17, 103
Let u(n) = 124*n - 140. What are the prime factors of u(11)?
2, 3, 17
Let k be (0 - 210/(-49))/(2/266). Suppose -18*g - k = -21*g. What are the prime factors of g?
2, 5, 19
Suppose -l = -3*t + 1076, -8*t + 1816 = -3*t + 4*l. Let k be (-14)/(-91) - t/(-26). What are the prime factors of k/(-7) + (-36)/(-1)?
2, 17
Let a(x) = 11 - 16 - 19 + 5*x. Let l be a(6). List the prime factors of (60/25)/(l/80).
2
Let c(o) = o**3 + 3*o**2 - o + 4. Let l be (-7)/3 + 4/(-6). Let n be c(l). Suppose 3*p - 64 = -4*t, 0 = -p - 3 + n. List the prime factors of t.
13
Suppose 9*v - 24*v + 23490 = 0. List the prime factors of v.
2, 3, 29
Let w = -3150 - -1985. What are the prime factors of w/(-55) - 2/11?
3, 7
Suppose -r + 2*q = -3522, -3*r - r + 5*q = -14103. What are the prime factors of r?
2, 883
Suppose -h - 8773 = -5*o, 3*h + 2756 - 993 = o. What are the prime factors of o?
2, 877
Suppose -1456 = -2*f + 4*h, -5*f + 5*h + 2825 + 820 = 0. Let k = -2853 + f. What are the prime factors of k/(-143) - 2/(-13)?
3, 5
Suppose -q + 0*q + 2 = 0. Suppose -8*p + q*p = 0. Suppose -2*u + 6*u - 40 = p. List the prime factors of u.
2, 5
Suppose 3*d + 2*n = 4*n - 1, n = 5*d + 11. Let k(r) be the second derivative of -11*r**3/6 + 3*r**2 + r. List the prime factors of k(d).
3, 13
Let q be (-3)/2*12/9. List the prime factors of (q - -6)*(-6)/(-8).
3
Let z(x) be the second derivative of -x**3 + x**2 + x. List the prim